{"id":310,"date":"2025-12-23T10:59:41","date_gmt":"2025-12-23T10:59:41","guid":{"rendered":"https:\/\/dienmayphucloc.vn\/?post_type=product&#038;p=310"},"modified":"2025-12-23T10:59:46","modified_gmt":"2025-12-23T10:59:46","slug":"toi-dien-keo-xe-3000lbs-12v","status":"publish","type":"product","link":"https:\/\/dienmayphucloc.vn\/index.php\/san-pham\/toi-dien-keo-xe-3000lbs-12v\/","title":{"rendered":"T\u1eddi \u0111i\u1ec7n k\u00e9o xe 3000LBS (12V)"},"content":{"rendered":"<h3 id=\"1.+Th\u00f4ng+s\u1ed1+k\u1ef9+thu\u1eadt+m\u00e1y+t\u1eddi+\u0111i\u1ec7n+k\u00e9o+xe+3000LBS\"><span style=\"color: #0000ff;\"><b><span lang=\"EN-US\">1.<\/span><\/b><b>Th\u00f4ng s\u1ed1 k\u1ef9 thu\u1eadt<\/b><b><span lang=\"EN-US\">\u00a0m\u00e1y t\u1eddi \u0111i\u1ec7n k\u00e9o xe<\/span><\/b><b>3000LBS<\/b><\/span><b><\/b><\/h3>\n<div>&#8211; L\u1ef1c k\u00e9o: 900\u00a0kg ( kh\u1ed1i l\u01b0\u1ee3ng h\u00e0ng n\u00e2ng: 90kg) ( tr\u1ecdng t\u1ea3i n\u00e2ng x\u1ea5p x\u1ec9 1\/10 l\u1ef1c k\u00e9o)<br \/>\n&#8211; K\u00edch th\u01b0\u1edbc l\u1eafp: 76mm x 124mm<br \/>\n&#8211; Phanh: Phanh c\u01a1 kh\u00ed<br \/>\n&#8211; Chi\u1ec1u d\u00e0i tr\u1ed1ng: 80mm<br \/>\n&#8211; T\u1ef7 s\u1ed1 (truy\u1ec1n t\u1eeb nam ch\u00e2m v\u0129nh c\u1eedu): 136:1<br \/>\n&#8211; \u0110\u1ed9ng c\u01a1: 12V DC, 1.2 HP<br \/>\n&#8211; K\u00edch th\u01b0\u1edbc: \u00a0360 x 118 x 118mm<br \/>\n&#8211; L\u1ef1c k\u00e9o (kg):1350<br \/>\n&#8211; C\u00f4ng su\u1ea5t \u0111\u1ed9ng c\u01a1 (kW): 0,9<br \/>\n&#8211; C\u00e1p (mm\u00d7mm): 8\u00d75<\/div>\n<div>\n<h3 id=\"2.+T\u1ea1i+sao+b\u1ea1n+n\u00ean+l\u1ef1a+ch\u1ecdn+t\u1eddi+\u0111i\u1ec7n+k\u00e9o+xe+3000LBS+(12V)?\"><span style=\"color: #0000ff;\"><b><span lang=\"EN-US\">2. T\u1ea1i sao b\u1ea1n n\u00ean l\u1ef1a ch\u1ecdn t\u1eddi \u0111i\u1ec7n k\u00e9o xe<\/span><\/b><b>3000LBS (12V)<\/b><b><span lang=\"EN-US\">?<\/span><\/b><\/span><\/h3>\n<h4 id=\"a.+C\u00f4ng+su\u1ea5t+m\u00e1y+1.2HP,+k\u00e9o+\u0111\u01b0\u1ee3c+t\u1ea3i+tr\u1ecdng+l\u1edbn\"><b><span lang=\"EN-US\">a. C\u00f4ng su\u1ea5t m\u00e1y 1.2HP, k<\/span><\/b><b>\u00e9o \u0111\u01b0\u1ee3c t\u1ea3i tr\u1ecdng l\u1edbn<\/b><\/h4>\n<div>\u0110\u01b0\u1ee3c ch\u1ebf t\u1ea1o v\u1edbi motor c\u00f4ng su\u1ea5t l\u1edbn 1.2HP, 3000LBS c\u00f3 kh\u1ea3 n\u0103ng sinh c\u00f4ng l\u1edbn, t\u1ea1o momen xo\u1eafn m\u1ea1nh k\u00e9o \u0111\u01b0\u1ee3c v\u1eadt n\u1eb7ng \u0111\u1ebfn 1.3 t\u1ea5n. B\u00ean c\u1ea1nh k\u00e9o xe, b\u1ea1n c\u00f2n \u1ee9ng d\u1ee5ng m\u00e1y cho n\u00e2ng h\u1ea1 h\u00e0ng h\u00f3a, k\u00e9o nhi\u1ec1u lo\u1ea1i \u0111\u1ed3 v\u1eadt kh\u00e1c nhau.<\/div>\n<h4 id=\"b.+Thi\u1ebft+k\u1ebf+hi\u1ec7n+\u0111\u1ea1i,+ti\u1ec7n+l\u1ee3i+cho+ng\u01b0\u1eddi+d\u00f9ng\"><b><span lang=\"EN-US\">b.<\/span><\/b><b>Thi\u1ebft k\u1ebf <\/b><b><span lang=\"EN-US\">hi\u1ec7n \u0111\u1ea1i, ti\u1ec7n l\u1ee3i cho ng\u01b0\u1eddi d\u00f9ng<\/span><\/b><\/h4>\n<div>T\u1ed5ng k\u00edch th\u01b0\u1edbc c\u00e1c b\u1ed9 ph\u1eadn c\u1ee7a t\u1eddi \u0111i\u1ec7n 3000LBS ch\u1ec9 360 x 118 x 118mm ph\u00f9 h\u1ee3p cho nh\u1eefng kh\u00f4ng gian nh\u01b0 g\u1ea7n xe, n\u00f3c xe, \u0111\u1ea7u xe m\u00e0 kh\u00f4ng t\u1ed1n nhi\u1ec1u kh\u00f4ng gian di\u1ec7n t\u00edch. \u0110\u1eb7c bi\u1ec7t ki\u1ec3u d\u00e1ng c\u1ee7a t\u1eddi \u0111i\u1ec7n 3000LBS v\u00f4 c\u00f9ng hi\u1ec7n \u0111\u1ea1i, m\u00e0u s\u1eafc trang nh\u00e3 n\u00ean kh\u00f4ng \u1ea3nh h\u01b0\u1edfng \u0111\u1ebfn ngo\u1ea1i h\u00ecnh xe c\u1ee7a b\u1ea1n. \u0110\u1eb7c bi\u1ec7t c\u00e1c b\u1ed9 ph\u1eadn c\u1ee7a m\u00e1y \u0111\u00e3 \u0111\u01b0\u1ee3c \u0111\u01a1n gi\u1ea3n h\u00f3a, t\u01b0\u01a1ng \u0111\u1ed1i d\u1ec5 d\u00e0ng cho ng\u01b0\u1eddi d\u00f9ng l\u1eafp \u0111\u1eb7t c\u00e1c b\u1ed9 ph\u1eadn ch\u00ednh x\u00e1c. Kh\u00f4ng c\u1ea7n chuy\u00ea m\u00f4n qu\u00e1 cao, b\u1ea1n c\u0169ng c\u00f3 th\u1ec3 hi\u1ec3u ho\u1ea1t \u0111\u1ed9ng v\u00e0 v\u1eadn h\u00e0nh c\u1ee7a thi\u1ebft b\u1ecb n\u00e0y.<\/div>\n<div>\n<h4 id=\"c.+Ch\u1ea5t+li\u1ec7u+h\u1ee3p+kim+c\u1ee9ng+c\u00e1p,+ch\u1ea5t+l\u01b0\u1ee3ng+t\u1ed1t\"><span style=\"color: #000000;\"><b><span lang=\"EN-US\">c. Ch\u1ea5t li\u1ec7u h\u1ee3p kim c\u1ee9ng c\u00e1p, ch\u1ea5t l\u01b0\u1ee3ng t\u1ed1t<\/span><\/b><\/span><\/h4>\n<div>V\u1ecf ngo\u00e0i c\u1ee7a m\u00e1y t\u1eddi \u0111\u01b0\u1ee3c ch\u1ebf t\u1ea1o t\u1eeb nh\u00f4m v\u00e0 th\u00e9p, \u0111\u1eb7c t\u00ednh c\u1ee7a ch\u00fang l\u00e0 c\u00f3 \u0111\u1ed9 b\u1ec1n b\u1ec9 cao, h\u1ea1n ch\u1ebf t\u1ed1i \u0111a nh\u1eefng t\u00e1c \u0111\u1ed9ng t\u1eeb b\u00ean ngo\u00e0i m\u00f4i tr\u01b0\u1eddng nh\u01b0 kh\u00f4ng kh\u00ed \u1ea9m, \u00e1nh s\u00e1ng, \u0111\u1ea5t c\u00e1t v\u00e0 b\u1ee5i b\u1ea9n. Ph\u1ea7n c\u00e1p th\u00e9p s\u1edf h\u1eefu t\u00ednh ch\u1ecbu l\u1ef1c cao, \u0111\u1ea3m b\u1ea3o cho ng\u01b0\u1eddi d\u00f9ng s\u1eed d\u1ee5ng th\u1eddi gian d\u00e0i m\u00e0 \u00edt b\u1ecb hao m\u00f2n h\u01b0 h\u1ecfng.<\/div>\n<h4 id=\"d.+Gi\u1ea3i+ph\u00e1p+ti\u1ebft+ki\u1ec7m+th\u1eddi+gian,+hi\u1ec7u+qu\u1ea3+\"><b><span lang=\"EN-US\">d. Gi\u1ea3i ph\u00e1p ti\u1ebft ki\u1ec7m th\u1eddi gian, hi\u1ec7u qu\u1ea3<\/span><\/b><\/h4>\n<div>T\u1eddi \u0111i\u1ec7n k\u00e9o xe\u00a03000LBS (12V) h\u1ed7 tr\u1ee3 k\u00e9o xe c\u00f3 t\u1ea3i tr\u1ecdng l\u1edbn m\u1ed9t c\u00e1ch d\u1ec5 d\u00e0ng, nh\u1eb9 nh\u00e0ng, ti\u1ebft ki\u1ec7m th\u1eddi gian kh\u00f4ng t\u1ed1n c\u00f4ng s\u1ee9c, ti\u1ebft ki\u1ec7m c\u00f4ng nh\u00e2n ti\u1ec1n b\u1ea1c m\u00e0 v\u1eabn \u0111\u1ea3m b\u1ea3o an to\u00e0n lao \u0111\u1ed9ng. Ngo\u00e0i ra, c\u00f3 th\u1ec3 s\u1eed d\u1ee5ng t\u1eddi \u0111i\u1ec7n k\u00e9o xe\u00a03000LBS (12V) \u0111\u1ec3 k\u00e9o, k\u00e9o c\u00e1c v\u1eadt n\u1eb7ng, ph\u1ee5c v\u1ee5 \u0111\u1eafc l\u1ef1c trong ng\u00e0nh c\u00f4ng vi\u1ec7c x\u00e2y d\u1ef1ng, s\u1ea3n xu\u1ea5t h\u00e0ng h\u00f3a, s\u1eed d\u1ee5ng trong c\u00e1c kho h\u00e0ng\u2026..<\/div>\n<div>\n<h4 id=\"3.+M\u1ed9t+s\u1ed1+l\u01b0u+\u00fd+trong+qu\u00e1+tr\u00ecnh+s\u1eed+d\u1ee5ng+m\u00e1y+t\u1eddi+\u0111i\u1ec7n+3000LBS\"><b><span lang=\"EN-US\">3. M\u1ed9t s\u1ed1 l\u01b0u \u00fd trong qu\u00e1 tr\u00ecnh s\u1eed d\u1ee5ng m\u00e1y t\u1eddi \u0111i\u1ec7n<\/span><\/b><b>3000LBS<\/b><b><\/b><\/h4>\n<div>&#8211; L\u1eafp \u0111\u1eb7t v\u1ecb tr\u00ed ch\u00ednh x\u00e1c: b\u1ea1n n\u00ean ch\u1ecdn v\u1ecb tr\u00ed c\u00e2n ch\u00ednh gi\u1eefa, \u0111\u1ea3m b\u1ea3o l\u1ef1c k\u00e9o chia \u0111\u1ec1u cho c\u00e1c b\u1ed9 ph\u1eadn, tr\u00e1nh g\u00e2y h\u01b0 h\u1ecfng trong khi k\u00e9o xe.<br \/>\n&#8211; Thu g\u1ecdn d\u00e2y c\u00e1p sau khi s\u1eed d\u1ee5ng: ch\u00fa \u00fd cu\u1ed9n d\u00e2y ph\u1ea3i \u0111\u1ec1u, kh\u00f4ng \u0111\u01b0\u1ee3c ch\u1ed3ng ch\u00e9o l\u00ean nhau.<br \/>\n&#8211; V\u1ec7 sinh, b\u1ea3o d\u01b0\u1ee1ng m\u00e1y \u0111\u1ecbnh k\u1ef3: do ho\u1ea1t \u0111\u1ed9ng ch\u1ee7 y\u1ebfu ngo\u00e0i tr\u1eddi, trong \u0111i\u1ec1u ki\u1ec7n m\u00f4i tr\u01b0\u1eddng kh\u00f4ng l\u00fd t\u01b0\u1edfng, do \u0111\u00f3 b\u1ea1n c\u1ea7n l\u00e0m s\u1ea1ch m\u1ed7i l\u1ea7n ho\u1ea1t \u0111\u1ed9ng, tra d\u1ea7u b\u00f4i tr\u01a1n \u0111\u1ecbnh k\u1ef3.<\/div>\n<div>\n<p data-start=\"1496\" data-end=\"1551\">\u2014\u2014\u2014\u2014\u2014\u2014\u2014\u2014\u2014<\/p>\n<p data-start=\"1496\" data-end=\"1551\"><span style=\"color: #0000ff;\">M\u1ecdi th\u00f4ng tin chi ti\u1ebft v\u1ec1 s\u1ea3n ph\u1ea9m\u00a0Qu\u00fd kh\u00e1ch vui l\u00f2ng li\u00ean h\u1ec7 v\u1edbi ch\u00fang t\u00f4i theo :<\/span><\/p>\n<p><img decoding=\"async\" class=\"emoji\" role=\"img\" draggable=\"false\" src=\"https:\/\/s.w.org\/images\/core\/emoji\/17.0.2\/svg\/260e.svg\" alt=\"\u260e\ufe0f\" \/>\u0110i\u1ec7n tho\u1ea1i: Mr L\u1ed9c :0942.18.69.69<\/p>\n<p><img decoding=\"async\" class=\"emoji\" role=\"img\" draggable=\"false\" src=\"https:\/\/s.w.org\/images\/core\/emoji\/17.0.2\/svg\/1f4e9.svg\" alt=\"\ud83d\udce9\" \/>Email: Ducloctb86 gmail.com<\/p>\n<p><img decoding=\"async\" class=\"emoji\" role=\"img\" draggable=\"false\" src=\"https:\/\/s.w.org\/images\/core\/emoji\/17.0.2\/svg\/1f3e0.svg\" alt=\"\ud83c\udfe0\" \/>\u0110\u1ecba ch\u1ec9 xem h\u00e0ng : S\u1ed1 11 Ng\u00f5 14 T\u1ea3 Thanh Oai,Thanh Tr\u00ec, H\u00e0 N\u1ed9i.<\/p>\n<\/div>\n<\/div>\n<\/div>\n<\/div>\n","protected":false},"excerpt":{"rendered":"<p>T\u1eddi \u0111i\u1ec7n mini 3000lb l\u00e0 thi\u1ebft b\u1ecb d\u00f9ng \u0111\u1ec3 k\u00e9o, n\u00e2ng v\u00e0 h\u1ea1 v\u1eadt n\u1eb7ng nhanh ch\u00f3ng, hi\u1ec7u qu\u1ea3. S\u1ea3n ph\u1ea9m ph\u00f9 h\u1ee3p cho c\u1ee9u h\u1ed9 xe, nh\u00e0 x\u01b0\u1edfng, kho b\u00e3i v\u00e0 x\u00e2y d\u1ef1ng, gi\u00fap ti\u1ebft ki\u1ec7m s\u1ee9c lao \u0111\u1ed9ng v\u00e0 \u0111\u1ea3m b\u1ea3o an to\u00e0n khi v\u1eadn h\u00e0nh.<\/p>\n","protected":false},"featured_media":311,"comment_status":"open","ping_status":"closed","template":"","meta":[],"product_brand":[],"product_cat":[15],"product_tag":[],"class_list":{"0":"post-310","1":"product","2":"type-product","3":"status-publish","4":"has-post-thumbnail","6":"product_cat-may-toi","8":"first","9":"instock","10":"sale","11":"shipping-taxable","12":"purchasable","13":"product-type-simple"},"_links":{"self":[{"href":"https:\/\/dienmayphucloc.vn\/index.php\/wp-json\/wp\/v2\/product\/310","targetHints":{"allow":["GET"]}}],"collection":[{"href":"https:\/\/dienmayphucloc.vn\/index.php\/wp-json\/wp\/v2\/product"}],"about":[{"href":"https:\/\/dienmayphucloc.vn\/index.php\/wp-json\/wp\/v2\/types\/product"}],"replies":[{"embeddable":true,"href":"https:\/\/dienmayphucloc.vn\/index.php\/wp-json\/wp\/v2\/comments?post=310"}],"wp:featuredmedia":[{"embeddable":true,"href":"https:\/\/dienmayphucloc.vn\/index.php\/wp-json\/wp\/v2\/media\/311"}],"wp:attachment":[{"href":"https:\/\/dienmayphucloc.vn\/index.php\/wp-json\/wp\/v2\/media?parent=310"}],"wp:term":[{"taxonomy":"product_brand","embeddable":true,"href":"https:\/\/dienmayphucloc.vn\/index.php\/wp-json\/wp\/v2\/product_brand?post=310"},{"taxonomy":"product_cat","embeddable":true,"href":"https:\/\/dienmayphucloc.vn\/index.php\/wp-json\/wp\/v2\/product_cat?post=310"},{"taxonomy":"product_tag","embeddable":true,"href":"https:\/\/dienmayphucloc.vn\/index.php\/wp-json\/wp\/v2\/product_tag?post=310"}],"curies":[{"name":"wp","href":"https:\/\/api.w.org\/{rel}","templated":true}]}}